igit of 15870?
8
What is the hundreds digit of 117526?
5
What is the units digit of 1639?
9
What is the units digit of 4936?
6
What is the units digit of 21876?
6
What is the hundreds digit of 16582?
5
What is the hundreds digit of 742?
7
What is the units digit of 62480?
0
What is the hundreds digit of 2280?
2
What is the hundreds digit of 28817?
8
What is the thousands digit of 1096?
1
What is the tens digit of 2511?
1
What is the units digit of 3399?
9
What is the units digit of 89075?
5
What is the units digit of 966?
6
What is the units digit of 12677?
7
What is the hundred thousands digit of 105921?
1
What is the units digit of 3076?
6
What is the units digit of 593?
3
What is the hundreds digit of 1012?
0
What is the units digit of 600?
0
What is the units digit of 438?
8
What is the units digit of 123655?
5
What is the tens digit of 27351?
5
What is the units digit of 46682?
2
What is the units digit of 8704?
4
What is the thousands digit of 3876?
3
What is the units digit of 80?
0
What is the tens digit of 447?
4
What is the tens digit of 1221?
2
What is the ten thousands digit of 14271?
1
What is the ten thousands digit of 38432?
3
What is the units digit of 2778?
8
What is the units digit of 42910?
0
What is the hundreds digit of 20986?
9
What is the units digit of 156594?
4
What is the tens digit of 29998?
9
What is the hundreds digit of 8476?
4
What is the thousands digit of 39382?
9
What is the tens digit of 1716?
1
What is the hundreds digit of 7568?
5
What is the thousands digit of 3684?
3
What is the units digit of 4220?
0
What is the tens digit of 1291?
9
What is the units digit of 3826?
6
What is the units digit of 1468?
8
What is the thousands digit of 75399?
5
What is the tens digit of 772?
7
What is the units digit of 32103?
3
What is the units digit of 23764?
4
What is the hundreds digit of 20291?
2
What is the hundreds digit of 219?
2
What is the units digit of 21783?
3
What is the units digit of 807?
7
What is the units digit of 819?
9
What is the hundreds digit of 2571?
5
What is the units digit of 268?
8
What is the ten thousands digit of 30871?
3
What is the units digit of 694?
4
What is the tens digit of 1318?
1
What is the units digit of 95140?
0
What is the ten thousands digit of 17182?
1
What is the tens digit of 420?
2
What is the tens digit of 1114?
1
What is the tens digit of 1489?
8
What is the units digit of 1192?
2
What is the thousands digit of 7750?
7
What is the hundreds digit of 8892?
8
What is the units digit of 496?
6
What is the thousands digit of 4423?
4
What is the tens digit of 634?
3
What is the hundreds digit of 73012?
0
What is the units digit of 235?
5
What is the thousands digit of 19697?
9
What is the tens digit of 313?
1
What is the hundreds digit of 7402?
4
What is the hundreds digit of 354?
3
What is the tens digit of 5788?
8
What is the hundreds digit of 480?
4
What is the units digit of 975?
5
What is the thousands digit of 3034?
3
What is the hundreds digit of 4460?
4
What is the thousands digit of 12602?
2
What is the units digit of 12?
2
What is the units digit of 180?
0
What is the ten thousands digit of 98645?
9
What is the hundreds digit of 343?
3
What is the tens digit of 141441?
4
What is the tens digit of 8526?
2
What is the hundreds digit of 3694?
6
What is the tens digit of 38640?
4
What is the thousands digit of 39697?
9
What is the tens digit of 26?
2
What is the hundreds digit of 716?
7
What is the hundreds digit of 880?
8
What is the hundreds digit of 280?
2
What is the units digit of 58351?
1
What is the thousands digit of 3157?
3
What is the units digit of 30622?
2
What is the hundreds digit of 505?
5
What is the ten thousands digit of 48281?
4
What is the units digit of 41486?
6
What is the thousands digit of 12844?
2
What is the units digit of 1719?
9
What is the ten thousands digit of 97618?
9
What is the units digit of 8564?
4
What is the thousands digit of 2687?
2
What is the thousands digit of 11947?
1
What is the tens digit of 3951?
5
What is the units digit of 1420?
0
What is the tens digit of 8960?
6
What is the hundreds digit of 751?
7
What is the tens digit of 1207?
0
What is the units digit of 23?
3
What is the ten thousands digit of 41950?
4
What is the tens digit of 43910?
1
What is the thousands digit of 19379?
9
What is the hundreds digit of 346?
3
What is the hundreds digit of 131824?
8
What is the units digit of 584?
4
What is the tens digit of 65133?
3
What is the hundreds digit of 774?
7
What is the tens digit of 1114?
1
What is the thousands digit of 75631?
5
What is the hundreds digit of 2158?
1
What is the thousands digit of 1204?
1
What is the tens digit of 689?
8
What is the units digit of 3681?
1
What is the hundreds digit of 1630?
6
What is the units digit of 73015?
5
What is the tens digit of 8541?
4
What is the hundreds digit of 5774?
7
What is the units digit of 114?
4
What is the units digit of 9721?
1
What is the hundreds digit of 430?
4
What is the tens digit of 4211?
1
What is the units digit of 40383?
3
What is the units digit of 24690?
0
What is the hundreds digit of 2402?
4
What is the thousands digit of 5627?
5
What is the hundreds digit of 2124?
1
What is the hundreds digit of 781?
7
What is the hundreds digit of 973?
9
What is the thousands digit of 1940?
1
What is the thousands digit of 13124?
3
What is the units digit of 3802?
2
What is the ten thousands digit of 47060?
4
What is the tens digit of 8637?
3
What is the thousands digit of 2820?
2
What is the hundreds digit of 52179?
1
What is the hundreds digit of 1221?
2
What is the thousands digit of 20076?
0
What is the hundreds digit of 551?
5
What is the units digit of 484?
4
What is the tens digit of 5057?
5
What is the hundreds digit of 121235?
2
What is the thousands digit of 9081?
9
What is the thousands digit of 59348?
9
What is the hundreds digit of 70085?
0
What is the hundreds digit of 2873?
8
What is the hundreds digit of 8171?
1
What is the hundreds digit of 465?
4
What is the hundreds digit of 2163?
1
What is the tens digit of 71433?
3
What is the tens digit of 310?
1
What is the units digit of 91300?
0
What is the thousands digit of 1193?
1
What is the tens digit of 39025?
2
What is the thousands digit of 2404?
2
What is the units digit of 11173?
3
What is the thousands digit of 18281?
8
What is the tens digit of 764?
6
What is the ten thousands digit of 19694?
1
What is the hundreds digit of 4885?
8
What is the thousands digit of 90491?
0
What is the thousands digit of 5269?
5
What is the units digit of 10326?
6
What is the ten thousands digit of 16768?
1
What is the tens digit of 3034?
3
What is the tens digit of 41591?
9
What is the hundreds digit of 1419?
4
What is the ten thousands digit of 167563?
6
What is the units digit of 794?
4
What is the tens digit of 701?
0
What is the hundreds digit of 6842?
8
What is the tens digit of 21760?
6
What is the tens digit of 24864?
6
What is the hundreds digit of 978?
9
What is the hundreds digit of 2262?
2
What is the tens digit of 41289?
8
What is the units digit of 8714?
4
What is the tens digit of 3483?
8
What is the hundreds digit of 8255?
2
What is the units digit of 36010?
0
What is the tens digit of 515?
1
What is the hundreds digit of 49364?
3
What is the hundreds digit of 20783?
7
What is the hundreds digit of 1554?
5
What is the units digit of 990?
0
What is the hundreds digit of 6827?
8
What is the units digit of 1545?
5
What is the tens digit of 12158?
5
What is the tens digit of 2140?
4
What is the hundreds digit of 150474?
4
What is the hundreds digit of 14073?
0
What is the hundreds digit of 1094?
0
What is the tens digit of 6685?
8
What is the ten thousands digit of 31457?
3
What is the hundreds digit of 2523?
5
What is the thousands digit of 4418?
4
What is the tens digit of 118808?
0
What is the ten thousands digit of 68309?
6
What is the tens digit of 28673?
7
What is the ten thousands digit of 14964?
1
What is the thousands digit of 117718?
7
What is the hundreds digit of 2146?
1
What is the tens digit of 55781?
8
What is the hundred thousands digit of 108236?
1
What is the thousands digit of 3261?
3
What is the hundreds digit of 2172?
1
What is the units digit of 8698?
8
What is the tens digit 